{"id":1130,"date":"2023-08-05T19:24:09","date_gmt":"2023-08-05T17:24:09","guid":{"rendered":"https:\/\/notariusz-polanica.pl\/?page_id=1130"},"modified":"2023-08-28T21:02:33","modified_gmt":"2023-08-28T19:02:33","slug":"umowa-zbycia-nieruchomosci-gruntowej-zabudowanej-niezabudowanej","status":"publish","type":"page","link":"https:\/\/notariusz-polanica.pl\/index.php\/umowa-zbycia-nieruchomosci-gruntowej-zabudowanej-niezabudowanej\/","title":{"rendered":"UMOWA ZBYCIA NIERUCHOMO\u015aCI GRUNTOWEJ (ZABUDOWANEJ \/NIEZABUDOWANEJ)"},"content":{"rendered":"\t\t<div data-elementor-type=\"wp-page\" data-elementor-id=\"1130\" class=\"elementor elementor-1130\">\n\t\t\t\t\t\t<section class=\"elementor-section elementor-top-section elementor-element elementor-element-932a80a elementor-section-boxed elementor-section-height-default elementor-section-height-default\" data-id=\"932a80a\" data-element_type=\"section\" data-e-type=\"section\">\n\t\t\t\t\t\t<div class=\"elementor-container elementor-column-gap-default\">\n\t\t\t\t\t<div class=\"elementor-column elementor-col-100 elementor-top-column elementor-element elementor-element-8dbc455\" data-id=\"8dbc455\" data-element_type=\"column\" data-e-type=\"column\">\n\t\t\t<div class=\"elementor-widget-wrap elementor-element-populated\">\n\t\t\t\t\t\t<div class=\"elementor-element elementor-element-9717cca elementor-widget__width-initial elementor-widget-mobile__width-initial elementor-widget elementor-widget-text-editor\" data-id=\"9717cca\" data-element_type=\"widget\" data-e-type=\"widget\" data-widget_type=\"text-editor.default\">\n\t\t\t\t<div class=\"elementor-widget-container\">\n\t\t\t\t\t\t\t\t\t<p><b>Umowa zbycia nieruchomo\u015bci gruntowej (zabudowanej\/niezabudowanej)<br \/><\/b>\u2013\u00a0\u00a0 podstawa nabycia nieruchomo\u015bci (akt notarialny np. umowa sprzeda\u017cy, umowa darowizny\/akt po\u015bwiadczenia dziedziczenia\/prawomocne postanowienie w sprawie o stwierdzenie nabycia spadku\/inne),<br \/>\u2013\u00a0 \u00a0w przypadku nabycia nieruchomo\u015bci ze spadku albo darowizny po dniu 1 stycznia 2007 r. za\u015bwiadczenie Naczelnika Urz\u0119du Skarbowego potwierdzaj\u0105cego, \u017ce nabycie jest zwolnione od podatku, \u017ce nale\u017cny podatek zosta\u0142 zap\u0142acony albo zobowi\u0105zanie podatkowe wygas\u0142o wskutek przedawnienia,<br \/>\u2013\u00a0 \u00a0wypis z rejestru grunt\u00f3w oraz wyrys z mapy ewidencyjnej dla dzia\u0142ki,<br \/>\u2013\u00a0 \u00a0je\u017celi dzia\u0142ka powsta\u0142a w wyniku podzia\u0142u geodezyjnego, kt\u00f3ry dotychczas nie zosta\u0142 ujawniony w ksi\u0119dze wieczystej,<br \/>\u00a0\u2013 decyzja zatwierdzaj\u0105ca podzia\u0142 geodezyjny (wydana przez W\u00f3jta\/Burmistrza\/Prezydenta Miasta), z piecz\u0119ci\u0105 ostateczno\u015bci,<br \/>\u2013\u00a0 \u00a0wypis z miejscowego planu zagospodarowania przestrzennego dla dzia\u0142ki,<br \/>\u2013\u00a0 \u00a0za\u015bwiadczenie z Urz\u0119du Gminy, z kt\u00f3rego wynika, \u017ce w budynku nikt nie jest zameldowany na pobyt sta\u0142y ani czasowy,<br \/>\u2013\u00a0 \u00a0za\u015bwiadczenie z Urz\u0119du Gminy, z kt\u00f3rego wynika, czy nieruchomo\u015b\u0107 po\u0142o\u017cona jest w strefie rewitalizacji,<br \/>\u2013\u00a0 \u00a0za\u015bwiadczenie Starosty Powiatowego, z kt\u00f3rego wynika, czy nieruchomo\u015b\u0107 spe\u0142nia warunki z art. 37a ustawy z dnia 28 wrze\u015bnia 1991 r. o lasach,<br \/>\u2013\u00a0 \u00a0decyzja udzielaj\u0105ca pozwolenia na budow\u0119 \u2013 je\u017celi taka zosta\u0142a wydana,<br \/>\u2013\u00a0 \u00a0informacja o dost\u0119pie do drogi publicznej,<br \/>\u2013\u00a0 je\u017celi zakup nieruchomo\u015bci finansowany jest ze \u015brodk\u00f3w pochodz\u0105cych z kredytu \u2013 umowa kredytowa oraz za\u015bwiadczenie Banku do ustanowienia hipoteki w akcie notarialnym,<br \/>\u2013\u00a0 \u00a0szczeg\u00f3\u0142y transakcji: cena, spos\u00f3b jej zap\u0142aty, numer rachunku bankowego do zap\u0142aty, termin wydania nieruchomo\u015bci do posiadania.<\/p>\t\t\t\t\t\t\t\t<\/div>\n\t\t\t\t<\/div>\n\t\t\t\t\t<\/div>\n\t\t<\/div>\n\t\t\t\t\t<\/div>\n\t\t<\/section>\n\t\t\t\t<\/div>\n\t\t","protected":false},"excerpt":{"rendered":"<p>Umowa zbycia nieruchomo\u015bci gruntowej (zabudowanej\/niezabudowanej)\u2013\u00a0\u00a0 podstawa nabycia nieruchomo\u015bci (akt notarialny np. umowa sprzeda\u017cy, umowa darowizny\/akt po\u015bwiadczenia dziedziczenia\/prawomocne postanowienie w sprawie o stwierdzenie nabycia spadku\/inne),\u2013\u00a0 \u00a0w przypadku nabycia nieruchomo\u015bci ze spadku albo darowizny po dniu 1 stycznia 2007 r. za\u015bwiadczenie Naczelnika Urz\u0119du Skarbowego potwierdzaj\u0105cego, \u017ce nabycie jest zwolnione od podatku, \u017ce nale\u017cny podatek zosta\u0142 zap\u0142acony albo&hellip;&nbsp;<a href=\"https:\/\/notariusz-polanica.pl\/index.php\/umowa-zbycia-nieruchomosci-gruntowej-zabudowanej-niezabudowanej\/\" class=\"\" rel=\"bookmark\">Czytaj dalej &raquo;<span class=\"screen-reader-text\">UMOWA ZBYCIA NIERUCHOMO\u015aCI GRUNTOWEJ (ZABUDOWANEJ \/NIEZABUDOWANEJ)<\/span><\/a><\/p>\n","protected":false},"author":1,"featured_media":0,"parent":0,"menu_order":0,"comment_status":"closed","ping_status":"closed","template":"page-templates\/template-pagebuilder-full-width.php","meta":{"neve_meta_sidebar":"","neve_meta_container":"","neve_meta_enable_content_width":"","neve_meta_content_width":0,"neve_meta_title_alignment":"","neve_meta_author_avatar":"","neve_post_elements_order":"","neve_meta_disable_header":"","neve_meta_disable_footer":"","neve_meta_disable_title":"","footnotes":""},"class_list":["post-1130","page","type-page","status-publish","hentry"],"_links":{"self":[{"href":"https:\/\/notariusz-polanica.pl\/index.php\/wp-json\/wp\/v2\/pages\/1130","targetHints":{"allow":["GET"]}}],"collection":[{"href":"https:\/\/notariusz-polanica.pl\/index.php\/wp-json\/wp\/v2\/pages"}],"about":[{"href":"https:\/\/notariusz-polanica.pl\/index.php\/wp-json\/wp\/v2\/types\/page"}],"author":[{"embeddable":true,"href":"https:\/\/notariusz-polanica.pl\/index.php\/wp-json\/wp\/v2\/users\/1"}],"replies":[{"embeddable":true,"href":"https:\/\/notariusz-polanica.pl\/index.php\/wp-json\/wp\/v2\/comments?post=1130"}],"version-history":[{"count":19,"href":"https:\/\/notariusz-polanica.pl\/index.php\/wp-json\/wp\/v2\/pages\/1130\/revisions"}],"predecessor-version":[{"id":2332,"href":"https:\/\/notariusz-polanica.pl\/index.php\/wp-json\/wp\/v2\/pages\/1130\/revisions\/2332"}],"wp:attachment":[{"href":"https:\/\/notariusz-polanica.pl\/index.php\/wp-json\/wp\/v2\/media?parent=1130"}],"curies":[{"name":"wp","href":"https:\/\/api.w.org\/{rel}","templated":true}]}}